14 = -2*b. What are the prime factors of k(i)?
2, 5
Let a(j) = 2*j**3 - 9*j**2 - 9*j + 24. Let b(o) = o**3 - 4*o**2 - 4*o + 12. Let n(g) = -3*a(g) + 7*b(g). List the prime factors of n(0).
2, 3
Let u(s) = -s**3 + 7*s**2 - 6*s - 5. Let h be u(6). Let q = 8 + h. Suppose -12 = -l - q*l. List the prime factors of l.
3
Let t(s) be the third derivative of -s**4/24 - 2*s**3/3 + 3*s**2. Let v be t(-6). List the prime factors of (-14)/1*v/(-4).
7
Let z(j) = -26*j**2 + 5*j - 15. Let x(m) = -5*m**2 + m - 3. Let g(w) = -11*x(w) + 2*z(w). List the prime factors of g(4).
47
Suppose 5*a + r - 50 = -4*r, 3*a + 4*r = 34. Let u = 28 - 43. List the prime factors of (-1)/2 - u/a.
2
Let w = -42 + 60. What are the prime factors of w?
2, 3
Suppose 2*t + 19 - 7 = 2*v, v = -4*t - 14. Suppose v*p = -n + 3, -2*p = -0*n - n - 5. What are the prime factors of 6/n*(-4)/6?
2
Suppose 0 = 2*w - 4. List the prime factors of 290/35 + w/(-7).
2
Let c = -53 - -76. What are the prime factors of c?
23
Suppose g - 142 = -4*t, 4*t - 3*g - 81 - 53 = 0. Let q = -24 + t. What are the prime factors of q?
11
Suppose -h + 7 = -18. Suppose h = 2*f - 5. What are the prime factors of f?
3, 5
Let a = 5 + -1. List the prime factors of a.
2
What are the prime factors of -4*2/(-24)*114?
2, 19
Let p be (-2)/14 + 369/(-63). Let m = 17 - p. What are the prime factors of m?
23
Let n be 4/(-2) + (2 - 1). List the prime factors of ((-3)/(-5) + n)*-5.
2
Let l = 11 - 8. List the prime factors of l.
3
Let o = 92 - 66. List the prime factors of o.
2, 13
Let z(s) = -s**3 - 15*s**2 - s - 3. What are the prime factors of z(-15)?
2, 3
Suppose 4*x - 3 = 3*x. Suppose x*r + 4 = 4*r. What are the prime factors of (r + -2 - -6)/1?
2
Let c be 2 - (-2)/((-6)/(-21)). Let j = c + -4. Suppose j*o + 33 = b + 3*b, -3*o - 15 = 0. List the prime factors of b.
2
Let u(a) = 3*a - 11. What are the prime factors of u(14)?
31
Suppose -2*n + 125 = -157. List the prime factors of n.
3, 47
Suppose -43 = -3*k + 95. Suppose -5*r = 5*j - 180, -2*r - k = -4*j + 74. Suppose 2*w - j = -8. List the prime factors of w.
2, 3
Let j = 8 - 11. Let b be (-40)/(-12) + 1/j. Suppose -18 - 3 = -b*z. List the prime factors of z.
7
Let s = 1 - 16. Let i = s + 25. Suppose -i = 4*l - 9*l. List the prime factors of l.
2
Suppose 570 = 9*j - 582. List the prime factors of j.
2
Suppose -2*t + 48 = -118. List the prime factors of t.
83
Let l(x) = -x**2 + 7*x - 5. Let h be l(7). Let a = 8 + h. Suppose -a*d - 89 = -5*w, 5*w + 4*d - 84 = -16. What are the prime factors of w?
2
Let n = 0 + 3. Suppose -2*g - 3 = -n*g. Suppose g*y - 10 - 11 = 0. What are the prime factors of y?
7
Suppose 4*n = 3*n + 3. Suppose -j + 18 = 5*k, j + 2 = 5*k - 0. Suppose 0 = -n*i - i + j. List the prime factors of i.
2
Suppose -d + 96 = 5*r + 3*d, 4*r - 44 = 5*d. What are the prime factors of r?
2
Let w(h) = h + 9. List the prime factors of w(8).
17
Let i be (-2)/(-8) + (-33)/(-12). Let d(v) = -9*v**3 - 3*v**2 - v - 2. Let a be d(-2). Suppose i*k + k = a. What are the prime factors of k?
3, 5
Let r(n) be the first derivative of -n**4/4 - 2*n**3/3 - n**2/2 + 2. Let u = 2 + -4. What are the prime factors of r(u)?
2
Suppose 0 = -2*c + i + 84, -4*i = -3*c - 5*i + 126. What are the prime factors of c?
2, 3, 7
Let a = 5 + -7. Let t be 0/a + 2/1. Suppose 6 = -t*l + 5*l. List the prime factors of l.
2
Suppose s - 126 - 74 = -2*l, 4*l - 400 = -s. List the prime factors of l.
2, 5
Let k(s) = -s**3 - 9*s**2 + 9*s - 9. Let q be k(-10). Let u be (-3 - (-6 - -2))/q. List the prime factors of -1 + 10 - u*-2.
11
What are the prime factors of ((-128)/6)/(3/18*-1)?
2
Let b(u) = u**3 - 4*u**2 + 4. Suppose -5*t + 20 = -0. Suppose t = 2*l - i, -3 = -5*l - 2*i + 25. What are the prime factors of b(l)?
2
Let g = 2 + -2. Suppose g*o + 3*o = 45. Suppose -y - 2*y = -o. What are the prime factors of y?
5
Suppose 4*d = 2*d - 5*m + 179, 3*m = -3*d + 273. What are the prime factors of d?
2, 23
Let y(j) be the third derivative of -j**5/60 + j**3/3 - 2*j**2. Let x be y(-3). Let l(h) = h + 9. List the prime factors of l(x).
2
Suppose u + h - 26 = 0, -3*u + 0*h = -2*h - 93. What are the prime factors of u?
29
Let h be -3 + (-44)/(-4) - -2. Suppose -h = -2*l + 2*u, -u = 4*l + 4*u - 47. What are the prime factors of l?
2
Let z(f) = -4*f**3 - f**2 - f - 1. Let k be z(-1). Let h = 0 - k. List the prime factors of 1 + 1 + -1 - h.
2
Suppose -5*u + 2*j + 332 + 293 = 0, -3*j = -15. What are the prime factors of u?
127
Let y be (1 - -4)*2 - 2. Let p = -2 + y. Suppose -3*d + 38 = 2*z, -z - 10 = d - p*z. What are the prime factors of d?
2, 5
Suppose 4*y + 233 = 3*l, 2*l + 228 = 5*l - 3*y. List the prime factors of l.
71
Let j = -4 + 26. Suppose 0 = -w + j. Suppose -w = -4*t + b - 3*b, -5*t - b = -29. What are the prime factors of t?
2, 3
Let z(h) = 4*h - 3. Let t be z(2). Let y(l) = l**3 - 6*l**2 + 6*l - 2. Let x be y(t). Suppose 3*m - 52 = -n, -5*n - 63 + x = -5*m. List the prime factors of m.
2
Let f be (-6)/15 - (-6)/(-10). List the prime factors of 0 + 5 - f*2.
7
List the prime factors of (1 - 111)*1/(-2).
5, 11
Let g = -21 - -6. What are the prime factors of (-125)/10*54/g?
3, 5
Suppose 7*t - 3*t - 2*b - 4 = 0, -10 = -4*t - b. Suppose g = t*g - 2. Suppose r - 7 = m, 2*r + g*m = -m + 29. List the prime factors of r.
2, 5
Suppose 3*k - 54 = 18. Let z = k - 9. List the prime factors of z.
3, 5
Let c(p) = p**2 - 3*p - 5. Let w = -10 + 15. What are the prime factors of c(w)?
5
What are the prime factors of ((-16)/12)/((-2930)/(-978) + -3)?
2, 163
Suppose f - 45 = 2*n + 15, 2*f + 5*n = 75. What are the prime factors of f?
2, 5
Let x(h) = h**2 - 6. Let q be 4/(-2) + (0 - -2). Let z be x(q). What are the prime factors of z/(-3)*-6*-1?
2, 3
Let t(g) = g**3 - 8*g**2 - 10*g + 1. Let n be t(9). Let f = 34 + n. What are the prime factors of f?
2, 13
Let l be (-12)/(-7) - (-4)/14. Suppose -4*v = 5*d - 87, l*v - 63 = -2*v + 3*d. What are the prime factors of v?
2, 3
List the prime factors of 1495/26*(3 + -1)*2.
2, 5, 23
What are the prime factors of (2 - (-4 + 2)) + 141?
5, 29
Suppose s - k = -2*s + 421, 3*k + 707 = 5*s. List the prime factors of s.
139
Let x = -16 + 19. Suppose 0 = -2*t - 5*z + 32, -19 = -4*t + x*t - 4*z. List the prime factors of t.
11
Suppose 9 = 3*i + 3. Suppose -i*u + 15 = u. What are the prime factors of u?
5
Suppose 0 = -2*n + 4. Suppose 2 = -n*j + 18. What are the prime factors of j?
2
Let v(m) = 2*m**2 - 9*m + 1. Let w be v(8). Suppose -4*t + 23 + w = 0. List the prime factors of t.
2, 5
Suppose -2*a - 5*k - 2 = -a, -4*a - 5*k = -7. Suppose 2*v - 21 = -z, v = z - a*v - 3. List the prime factors of z.
3, 5
Let z = 81 + 7. What are the prime factors of z?
2, 11
Suppose -2*u - 52 = -b, -u + 84 + 35 = 2*b. List the prime factors of b.
2, 29
Suppose 5*n = -i + 30, 0*i - 3*n - 94 = -5*i. List the prime factors of (32/i)/((-4)/(-10)).
2
Let a be (-6)/8 - 5/20. Let x be a/((-5)/(-4))*-60. Suppose x = h + 3*h. List the prime factors of h.
2, 3
Let f(d) = -2*d + 2*d - 4*d. Let w be f(-6). Suppose q + w = 3*q. List the prime factors of q.
2, 3
Suppose -h = -4*t + 2*h + 100, -5*t - 3*h + 125 = 0. Suppose z + t = 6*z. What are the prime factors of z?
5
Let l(w) = -w**3 + 4*w**2 + 2*w + 2. Let b be l(4). Suppose b + 10 = 4*n. Let f = 7 - n. What are the prime factors of f?
2
Suppose -252 = 11*o - 2683. What are the prime factors of o?
13, 17
Suppose 35 = g - 23. List the prime factors of g.
2, 29
Suppose 28 + 32 = -5*y. Let i = y + 35. List the prime factors of i.
23
Let u(j) = -j**3 - 3*j**2 + 5*j - 2. Suppose -3*h - h - 30 = -2*d, 3*h - d = -20. List the prime factors of u(h).
23
Suppose -5 = -2*m + 7. Let u(w) = w**3 + w**2 + w. Let y(t) = 6*t**3 - 2*t**2 + 8*t + 4. Let r(s) = 5*u(s) - y(s). What are the prime factors of r(m)?
2, 7
Let v(b) = 5*b**3 - 3*b**2 - 2*b + 4. Suppose -3*t - 4*h = -6, -2 = -t - 3*h + 7*h. What are the prime factors of v(t)?
2, 7
Let z(h) = -12*h**3 - h - 1. Let u be z(-1). What are the prime factors of 8/u + (-20)/(-6)?
2
List the prime factors of (230/24 + 4/(-16))*27.
2, 3, 7
Let y(w) be the third derivative of w**6/40 + w**5/60 - w**3/6 - 3*w**2. List the prime factors of y(1).
3
Let z(t) = -t**3 + 3*t**2 - 3*t + 2. Let f be z(2). Suppose -d + 60 = d - 5*a, -d - a + 44 = f. Suppose -d - 5 =